8*o + o**2 + 4*o. Let d be w(-4). What is the units digit of (d/18)/((-4)/(-90))?
5
Suppose 3*p - 15 = -2*p. Suppose 2*i + 3*m - 11 = 0, -m - 15 = -p*i - 4*m. What is the tens digit of (66/24)/(1/i)?
1
Let s(n) = n**3 + 9*n**2 + 2*n - 9. Suppose -2*d + 4*f = 20, -3*d = -5*d - 3*f - 13. Let r be s(d). Suppose r = -0*w + 3*w. What is the tens digit of w?
1
Let s(w) = -w**2 + 27*w + 35. What is the tens digit of s(22)?
4
What is the units digit of (-6)/9*-27*2?
6
Let s(q) = -q**3 + 4*q**2 + q - 10 + 10. Let g be s(4). Suppose -b = -g*b + 39. What is the tens digit of b?
1
What is the tens digit of (2 + -5 - 22)*-10?
5
Let o be ((-1)/(-2))/((-2)/(-4)). Let r be o*5/2*6. What is the units digit of 6/r + 28/5?
6
Suppose -13 = i - 4*d, 0 = 3*i - 4*d + d + 12. Let a be -4*(0 + (i - 0)). What is the units digit of 31/a + 3/12?
8
Suppose 3*n = n - 18. Let y = n + 14. Suppose -y*t + 6 = -2*t. What is the units digit of t?
2
Let h = 10 - 8. Suppose -3*k + 100 = h*k. What is the units digit of k?
0
Let w = -16 - -33. Let d = 39 - w. What is the units digit of d?
2
Let x = 114 + -103. What is the units digit of x?
1
Suppose -24 = -3*l - l. Suppose 0 = -2*r - 0*r + l. Suppose y - 14 = -r*f, 0*f = 4*y - 2*f - 14. What is the units digit of y?
5
Let j(n) = -18*n - 2. What is the units digit of j(-3)?
2
Suppose -3*i + l - 25 = -5*i, 65 = 5*i + 2*l. What is the units digit of i?
5
Suppose -2 = -i + 3. Suppose 3*g - 4 = -i*k, -2*g + k + 0 = -7. Suppose -d = 2*q - 5 - 12, -6 = -q - g*d. What is the units digit of q?
9
Let p(u) be the first derivative of u**3/3 + 3*u**2/2 - 3*u - 1. Let g be p(-5). Suppose 0*b = b - g. What is the units digit of b?
7
Suppose -4*m - 361 = 3*u - 893, 2*u = 0. What is the tens digit of m?
3
Let c(d) = -14*d. What is the tens digit of c(-3)?
4
Let a(p) = 11 - 11 - 4*p. Let i be a(3). What is the units digit of i/(-30) - (-16)/10?
2
What is the tens digit of (-3)/18 - (-1178)/12?
9
Suppose -7*i + 6*i = -29. What is the units digit of i?
9
Let i = -15 - -8. What is the units digit of (-6)/2 + 2 - i?
6
Suppose -11 = b - 4*u, -2*b + 3*b + 12 = 3*u. Let o = 22 + b. Let f(l) = -l**3 + 7*l**2 + 2*l - 2. What is the units digit of f(o)?
2
What is the units digit of (-93)/(-5 + -6*4/(-6))?
3
Suppose -2*x + 5 = -3. Suppose x*g + 4 = 5*g. Suppose i - g + 1 = 0. What is the units digit of i?
3
Let z(v) = 7 + v - 3*v - 4 + 2*v**2 - 4*v**3. Let h(s) = -s**3 + s**2 - s + 1. Let f(a) = -5*h(a) + z(a). What is the units digit of f(3)?
7
What is the units digit of ((117/(-12))/3)/((-5)/260)?
9
Let b be -1 - (-8 + 0/1). Suppose -4*x - 5*w + 3 = -7, 0 = -x + w + b. What is the units digit of x?
5
Let j(d) = 5*d**2 - 8*d - 3. Let s(n) = -n**2. Let h = -10 - -6. Let p(w) = h*s(w) - j(w). What is the tens digit of p(7)?
1
Suppose -5*i + 5*n = -240, 5*n = 5*i + 2*n - 244. What is the units digit of i?
0
Let d(l) = -l. Let c be d(-6). Suppose -o - c = 2*o. What is the units digit of o*-2*(-2)/(-4)?
2
Let j(x) = -x**3 - 6*x**2 + 20*x - 17. What is the tens digit of j(-10)?
8
Let g(u) be the second derivative of -u**5/20 - u**4/3 + 13*u**3/6 - 4*u**2 + 2*u. What is the units digit of g(-7)?
8
Suppose -3*w - 18 = -k - 0*w, 6 = k + w. Let u = -7 + k. What is the units digit of u?
2
Suppose a = 4*q + 9, -a - 5 = 3*q - 0*q. Let o = 4 + -7. Let z = q - o. What is the units digit of z?
1
Let m = 20 + -3. Suppose -3*z - 10 - m = 0. What is the units digit of z/(-2) + (-3)/6?
4
What is the units digit of 6/(-10) - (-3)/15*223?
4
Suppose -3*c = -0*c + 6. Let z be 7 + 4*(-1)/c. What is the units digit of (-3)/z + 50/6?
8
Let a be (-106)/(-3) - (-2)/(-6). What is the units digit of 185/a + 4/(-14)?
5
What is the units digit of ((-5)/(-12))/((-3)/84)*-9?
5
Let f = 236 - 169. Suppose -l = 4*l - 2*p - f, 9 = l + 4*p. What is the units digit of l?
3
Let p(g) = 10*g**2 + g**3 + 0*g**3 + 4*g + 0*g**2 + 7 - 5*g. What is the tens digit of p(-10)?
1
Suppose 3*d = -2*s + 7*d + 58, -111 = -3*s - 2*d. What is the units digit of s?
5
Let b = 39 + 6. What is the units digit of b?
5
Suppose 4*f - 2*z - 24 = 0, -5*z + 36 = -0*f + 2*f. What is the units digit of f?
8
Let q(p) = p**3 + 12*p**2 - 14*p + 10. Let y be q(-13). Suppose -3*j = 31 + 5. Let i = j + y. What is the tens digit of i?
1
Suppose 10 = -3*u + 5*u. What is the units digit of u?
5
Let w(h) = 4*h - 9. Let i be w(7). Suppose -3*a + s + i = -4*s, 4*a - s = 31. What is the units digit of a?
8
Let o(v) = 94*v**3 + 2*v**2 - v. Let u be o(1). Suppose -5*p + 37 = 2*j, u = 6*j - 2*j + 3*p. What is the units digit of j?
6
Suppose 0 = -2*w + 62 - 14. Let t = w - 16. What is the units digit of t?
8
Let j(f) = 2*f - 9. Let i be j(-8). Let v = -18 - i. What is the units digit of v?
7
Let q(a) = -a**3 - 3*a**2 + a - 1. Let m be q(2). Let v = m + 61. What is the tens digit of v?
4
Let c(a) = a**2 + 9*a - 13. Let g be c(-11). Suppose 5*s - 60 = -5*y, 3*s = y + y - g. What is the units digit of y?
9
Suppose -q - 4*q + 136 = 3*p, 2*p = -5*q + 84. Suppose -4*g = 2*w - p, -3*g - 5*w = -19 - 6. What is the tens digit of g?
1
Suppose 2 = 3*y - 1, 10 = 3*z - 5*y. Let t = 1 - 6. What is the units digit of z/10 + t/(-2)?
3
What is the units digit of 428/6 + 1 + 58/87?
3
Suppose 3*u = 2*f + 10, 2*u - 14 = -2*f + 6. Suppose 2*a + 2 = 0, 4*k + 3*a + 1 = u. Suppose -2*c - k*c = -56. What is the units digit of c?
4
Let k(b) = 2*b**2 + 19*b + 30. What is the units digit of k(-12)?
0
What is the tens digit of (558/(-12))/(1/(-2))?
9
Let s(a) = -a**2 - 3*a + 2. Let l = -10 - -6. Let q be s(l). What is the tens digit of q/((-27)/(-15) + -2)?
1
What is the tens digit of (-2)/(2 - (1872/(-933))/(-1))?
1
Suppose 0 = 7*s - 3*s. Suppose s = 5*v - v + 28. Let h = v + 13. What is the units digit of h?
6
Let k = 8 + 33. Suppose 3*v + 16 = -k. Let p = -9 - v. What is the tens digit of p?
1
Let z(d) = d**2 + 2*d - 12. What is the units digit of z(7)?
1
Suppose 5*o - t - 114 = 3*t, o = -t + 21. Let r = 2 - 2. Suppose 4*y - 35 = -3*j, r = 2*j + 5*y - o + 1. What is the tens digit of j?
1
What is the hundreds digit of (-576)/45*(-20)/2?
1
What is the units digit of 302/7 - 14/98?
3
Let o = -36 + 103. What is the units digit of o?
7
Let w = -24 + 14. Let t be (-2)/1 + w/(-2). Suppose x = 4*x + 4*b - 33, t*b + 44 = 4*x. What is the units digit of x?
1
Let t = 22 - -68. What is the units digit of t?
0
Suppose -3*q = -h - 517, 2*q = 5*h - 0*h + 336. What is the units digit of q?
3
What is the units digit of 34/(-14) + 6/14 + 171?
9
Let n be (-16)/(-9) + (-4)/(-18). Suppose 5*k - 2 = -2*j, 0 = -j - 4*j - 2*k + 26. What is the units digit of 1/(3*n/j)?
1
Let k(f) = 1 + f + 3*f - 2*f. What is the units digit of k(8)?
7
Suppose -3*n = -4*m - 109, 3*m - 19 = n - 2*n. What is the units digit of n?
1
Suppose 0 = y + 4 - 13. What is the units digit of y?
9
Let u(m) = m**3 - 13*m**2 + 14*m + 8. What is the tens digit of u(13)?
9
Let b(g) = -6*g - 6. Let p be b(-4). What is the tens digit of (-26)/(-117) - (-842)/p?
4
Let x(u) be the first derivative of u**3/3 + u**2/2 + 2*u + 1. Let b be x(0). Suppose -b*n - 18 = -4*n. What is the units digit of n?
9
Suppose 4*v - 3*v - 2 = 0. Let c = 0 - v. What is the tens digit of c + 3 + 11 + 1?
1
Let s = 118 - -51. What is the tens digit of s?
6
Let k(r) = 19*r**2 + r. Suppose -1 = 5*f + 4. What is the units digit of k(f)?
8
Let t(n) = -n**3 - 7*n**2 - 5*n + 3. Let q be t(-4). What is the tens digit of (-189)/(-5) - 5/q?
3
Let c = -18 - -30. Suppose 0 = -n + 5*g - c, 3*n + 4*g + 36 = -g. Let y = -7 - n. What is the units digit of y?
5
Let n(p) = -p - 8. What is the units digit of n(-10)?
2
Let t = 51 - 24. Suppose t = 3*y - 24. What is the tens digit of y?
1
Let a = 4 - -2. Let z = a - 10. Let p(q) = -q**2 - 7*q - 3. What is the units digit of p(z)?
9
Suppose -4*z - 1 = 27. Let s(n) = n**2 - 4*n + 5. Let c be s(5). Let l = z + c. What is the units digit of l?
3
Let k(f) = -36*f. Let x = 3 + -4. Let h be k(x). Suppose i = 5*i - h. What is the units digit of i?
9
What is the units digit of (-3 - (-69)/21) + (-1508)/(-14)?
8
Let b(s) = 2*s**3 - 6*s**2 + s - 5. Let i be b(5). Suppose -5*t + t + i = 0. What is the tens digit of t?
2
Let n be -18 + 14 - 1*3. Suppose 6*i = i + 90. Let a = n + i. What is the tens digit of a?
1
Let z(v) = 2*v - 16. L